{"id":6,"date":"2024-05-14T06:24:36","date_gmt":"2024-05-14T06:24:36","guid":{"rendered":"https:\/\/biotop-ebikon.ch\/?page_id=6"},"modified":"2024-05-14T06:24:36","modified_gmt":"2024-05-14T06:24:36","slug":"entstehung","status":"publish","type":"page","link":"https:\/\/biotop-ebikon.ch\/index.php\/entstehung\/","title":{"rendered":"Entstehung"},"content":{"rendered":"\n<p>Das Gebiet Untere Ebr\u00fcti hatte eigentlich einen traurigen Start.<br>Der Grundstock hierf\u00fcr kam aus dem Risch, welches Anfang der 80-er Jahre mit Bauschutt aufgef\u00fcllt wurde.<br>Tausende von Amphibien und Reptilien wurden begraben.<br>Ein kleiner Teil davon wurde mit Hilfe der Familie Speiser, Freunden, Gemeindearbeitern und sonstigen Helfern gerettet und auf Ottigenb\u00fchl gebracht.<br>Das Land hierf\u00fcr war eigentlich ein Bauplatz. Herr Ulrich Speiser wollte urspr\u00fcnglich ein Minergie-Haus erstellen, f\u00fcr die damalige Zeit untypisch.<br>Doch wohin mit den Tieren, wenn nicht hierher?<br>Das Haus blieb nach wie vor ein Thema. Doch als die erstellten Teiche und T\u00fcmpel f\u00fcr die zu rettenden Tiere nicht mehr ausreichten wurde das Baugrundst\u00fcck vorl\u00e4ufig zu einem Biotop.<br>Im Jahre 1989 kam die Kaufmann-Liegenschaft dazu.<br>1990&nbsp;wurden 3-4-reihige Hecken mit einer Gesamtl\u00e4nge von \u00fcber 1 km gepflanzt, ebenso 50 Hochstamm-Obstb\u00e4ume von Spezie rara.<br>Seither ist das 10 ha grosse Artenschutzgebiet von nationaler Bedeutung und wieder in der Hand der Natur.<br>Es wurden mehr als 30 Nisthilfen f\u00fcr V\u00f6gel, unter Mithilfe und Beratung der Vogelwarte Sempach, eingerichtet.<br>\u00dcber 80 m Natursteinmauern sowie&nbsp;Trocken-und Feuchtwiesen wurden angelegt.<br>Flora und Fauna haben sich in den \u00fcber 50 gr\u00f6sseren und kleineren Teichen und T\u00fcmpeln sowie auf den Magerwiesen&nbsp;pr\u00e4chtig entwickelt.<\/p>\n","protected":false},"excerpt":{"rendered":"<div class=\"entry-summary\">\nDas Gebiet Untere Ebr\u00fcti hatte eigentlich einen traurigen Start.Der Grundstock hierf\u00fcr kam&hellip;\n<\/div>\n<div class=\"link-more\"><a href=\"https:\/\/biotop-ebikon.ch\/index.php\/entstehung\/\" class=\"more-link\">Continue reading<span class=\"screen-reader-text\"> &ldquo;Entstehung&rdquo;<\/span>&hellip;<\/a><\/div>\n","protected":false},"author":1,"featured_media":0,"parent":0,"menu_order":0,"comment_status":"closed","ping_status":"closed","template":"","meta":{"footnotes":""},"class_list":["post-6","page","type-page","status-publish","hentry","entry"],"_links":{"self":[{"href":"https:\/\/biotop-ebikon.ch\/index.php\/wp-json\/wp\/v2\/pages\/6","targetHints":{"allow":["GET"]}}],"collection":[{"href":"https:\/\/biotop-ebikon.ch\/index.php\/wp-json\/wp\/v2\/pages"}],"about":[{"href":"https:\/\/biotop-ebikon.ch\/index.php\/wp-json\/wp\/v2\/types\/page"}],"author":[{"embeddable":true,"href":"https:\/\/biotop-ebikon.ch\/index.php\/wp-json\/wp\/v2\/users\/1"}],"replies":[{"embeddable":true,"href":"https:\/\/biotop-ebikon.ch\/index.php\/wp-json\/wp\/v2\/comments?post=6"}],"version-history":[{"count":1,"href":"https:\/\/biotop-ebikon.ch\/index.php\/wp-json\/wp\/v2\/pages\/6\/revisions"}],"predecessor-version":[{"id":8,"href":"https:\/\/biotop-ebikon.ch\/index.php\/wp-json\/wp\/v2\/pages\/6\/revisions\/8"}],"wp:attachment":[{"href":"https:\/\/biotop-ebikon.ch\/index.php\/wp-json\/wp\/v2\/media?parent=6"}],"curies":[{"name":"wp","href":"https:\/\/api.w.org\/{rel}","templated":true}]}}